 n(m) = -m + 4. Let x be n(5). What are the prime factors of (x + -4)/(3 + -4)?
5
Let g(m) = -m**3 - 11*m**2 - 12*m + 3. What are the prime factors of g(-11)?
3, 5
Let d = 105 + -150. Let o(l) = -l**2 - 2*l - 6. Let g be o(-4). What are the prime factors of 3/(-3 + d/g)?
2, 7
Let c(r) = -r + 1. Let l(o) = -o**2 - 1. Let p be l(2). List the prime factors of c(p).
2, 3
List the prime factors of 3/(-9)*-3 + 3.
2
Suppose 3*f = 5*v + 14 + 18, -v + 3*f = 4. Let s be v/(-2) + (-1)/2. Suppose -25 = 5*q, -s*n - 3*q + 3 = -9. List the prime factors of n.
3
Let f(v) = 38*v. What are the prime factors of f(3)?
2, 3, 19
Suppose m + 3 = 4*u, 3*u = -0*m + 3*m. What are the prime factors of (-16 + 1)/(-2 + m)?
3, 5
Suppose 0 = -4*q + 5*a + 21, 0*a = a + 1. Let g(t) = t + 35. Let l be g(0). Suppose l = d + q*d. What are the prime factors of d?
7
Let a(o) = -o**2 + 5*o - 5. Let h be a(4). List the prime factors of 3 + (h + 1 - -19).
2, 11
Let o be 25/15 + 1/3. Suppose -4*s + o*c = -c - 161, 163 = 4*s - c. List the prime factors of s.
41
What are the prime factors of 39 + 1 - (-7 - -4)?
43
Suppose -5*c - 55 - 80 = 0. Let u = -6 - c. List the prime factors of u.
3, 7
Let q be (-23)/4 - (-3)/(-12). Let v = q - -8. Suppose 2*j = v, 0*a = 2*a - 4*j - 6. List the prime factors of a.
5
Let f = -7 + 10. Suppose -f*a + 2*j - 65 + 174 = 0, -5*a + j + 170 = 0. List the prime factors of a.
3, 11
Let p(z) = z**3 + 3*z**2 + 2*z + 1. Let d be p(-2). Suppose -h + 1 = -d. List the prime factors of h.
2
Suppose -2*p - 2 = 14. Let t = p + 7. Let l = 3 + t. List the prime factors of l.
2
Suppose -10*b = -6*b. Suppose b*t + y + 30 = 5*t, 4*t = 2*y + 18. List the prime factors of t.
7
Let h(k) = k**3 - 6*k**2 + k - 8. Let n be h(6). Let m = n + 5. List the prime factors of 3/2*4/m.
2
List the prime factors of (6/9 + -1)/(7/(-147)).
7
Let p = 38 + -10. Suppose 5*z - p = 5*u - 73, 0 = 5*z + 10. List the prime factors of u.
7
Suppose -5*z = -3*z. Suppose f - 6*f + 104 = -3*y, z = -y - 3. List the prime factors of f.
19
Suppose -k + 9 = 2*k - 2*p, 2*p = -3*k + 9. Let x(d) = -d**2 + 9*d - 7. List the prime factors of x(k).
11
Let p(q) = 8*q + 3 - q**3 + 2 + 1 - 4*q**2 - 2. What are the prime factors of p(-6)?
2, 7
Let l(d) = -d**2 + 5*d - 1. Let b be l(4). Suppose 4*h - 4 = 20. Suppose -z + b = -h. What are the prime factors of z?
3
Let s(f) = f**2 + f + 24. What are the prime factors of s(0)?
2, 3
Let w(l) = -3*l**2 - 8*l - 7*l**2 + 11 + 1 - l**3. Let d be w(-9). Suppose -d*y = -20 + 5. What are the prime factors of y?
5
Let h = -4 + 4. Suppose -3*b = -h*b - 9. List the prime factors of b.
3
Suppose 4*l - 2 - 6 = 0. Let k = 5 - l. Let m(w) = 4*w + 4. What are the prime factors of m(k)?
2
Let g be 16 + 0 - (1 + 0). Suppose 0*i + 3*i - g = 0. Suppose -i*v + 1 = -24. List the prime factors of v.
5
Let n(l) = l + 2. Let m = 10 - 7. Suppose -2*u + 4*k + 24 = 0, -4*k = m*u - 1 - 5. List the prime factors of n(u).
2
Suppose 262 = 5*s + t, -3*s - 2*t + 93 = -67. List the prime factors of s.
2, 13
Suppose 5*t - c - 37 = 8, -2*t - 4*c = -40. Suppose h + 10 = 4*w, 0 = 5*h - 7*w + 2*w - t. List the prime factors of h.
2, 3
Let y = 157 + -69. List the prime factors of y.
2, 11
Suppose 2*a + z - 5 = 0, -17 = -2*a - 7*z + 2*z. Suppose p - 2*v = a, 3*p = 6*p - 3*v - 6. Suppose -1 = q - p. What are the prime factors of q?
2
Suppose 55 = 4*d + d. Let i be (0 - 1/(-1))*-7. Let g = i + d. What are the prime factors of g?
2
Suppose -2*i + 126 = -0*i. List the prime factors of i.
3, 7
Let n be (6/5)/((-4)/(-90)). Suppose 4*y - 21 = 5*s - 138, s = 2*y + n. What are the prime factors of s?
3, 7
Suppose -6*z = -9*z + 12. Suppose z*c - 19 = -d - 5, -d + 14 = 5*c. What are the prime factors of d?
2, 7
Suppose 0 = 4*r - 600 + 68. What are the prime factors of r?
7, 19
Suppose 0 = -0*g + 5*g - 495. List the prime factors of g.
3, 11
Let o = 0 + 0. Let m = 3 - o. What are the prime factors of m?
3
Let g(m) = -2*m + 5*m - 2*m + 8. List the prime factors of g(-6).
2
Suppose 5*l + 9 = 2*i, -6 = 3*l - 3. List the prime factors of i.
2
Let h(d) = -9*d - 20. Let l(j) = 5*j + 10. Let t(u) = 3*h(u) + 5*l(u). Let c be t(-7). Suppose c*a - 16 = -2*i, -i - 4 = -a - 3. List the prime factors of a.
3
Suppose -2 = 3*v - 4*v. Suppose 2*z - 68 = -v*z. List the prime factors of z.
17
Suppose 37 = 3*m + 1. Suppose -2*f - 2*r = r + m, -3*r = 3*f + 21. What are the prime factors of (-60)/f + 4/(-6)?
2, 3
Let d(g) = -g**3 - 12*g**2 - 30*g - 5. What are the prime factors of d(-10)?
5, 19
Let d(r) be the third derivative of -2*r**2 + 1/6*r**3 + 1/12*r**4 + 0 + 0*r. List the prime factors of d(2).
5
Let s(m) = -m**2 - 13*m + 11. Let c = -6 - -4. Let p be (-8)/12*(-39)/c. What are the prime factors of s(p)?
11
Let v(n) be the second derivative of n**6/45 - n**5/60 + n**4/24 - n**3/6 - n. Let d(s) be the second derivative of v(s). What are the prime factors of d(1)?
7
Let a = 1 + 1. Suppose a*d - 24 = -d. What are the prime factors of d?
2
Let f(o) = 2 - 2*o - 2 + 0. List the prime factors of f(-3).
2, 3
Let q be 15 + 0 + -1 + 0. Let h(v) = -v**3 - 3*v**2 + 4*v + 5. Let r be h(-4). Suppose q - 44 = -r*z. List the prime factors of z.
2, 3
Let o(b) = 8*b + 2. Let m be (6/(-4))/(15/20). Let x be o(m). List the prime factors of 5*(x/(-10) + -1).
2
Suppose -12 = -5*p + 3*l - 3, 2*p = 4*l + 12. Suppose s + 2*s - 4 = o, -5*o + 10 = p. What are the prime factors of s/(-7) - (-156)/7?
2, 11
Let d be 15/(-6)*1*-6. Let k be 6/4 - d/6. Let s(n) = -14*n**3 + n**2 - 1. What are the prime factors of s(k)?
2, 7
Let u(i) = -i**3 + 11*i**2 - 17*i - 11. What are the prime factors of u(8)?
3, 5
Let m(k) be the first derivative of -k**4/4 + 2*k**3 + 2*k**2 - 4*k - 2. List the prime factors of m(6).
2, 5
Suppose -b + 2 = 1. Let j = b + 8. List the prime factors of j.
3
Let x(m) = -m + 2. Let t be x(0). Let v be (-63)/t + (-1)/(-2). Let u = v - -53. List the prime factors of u.
2, 11
Let l(r) = -r**2 + 5*r - 1. Let n be l(3). Suppose -2*u + 6*u = n*w + 6, 5*w + u = 14. List the prime factors of ((-4)/(-3))/(w/6).
2
Suppose 0*g + 215 = 5*g. Suppose 5*j = -2*z + g, -z = -7*j + 2*j + 31. List the prime factors of j.
7
Let h be (-7 + 10)*8/6. Suppose 0 = -4*j - 5*y + 1, h*y + 12 = 0. Let i = j + 3. List the prime factors of i.
7
Suppose 0 = -5*h + 25, -5*h = -n - 2*n - 25. Let c = 25 - n. What are the prime factors of c?
5
Let w(q) = 231*q**2 - q - 2. List the prime factors of w(-1).
2, 5, 23
Suppose -a = 2, -4 = -f + 3*f + 2*a. Let w = f - -17. List the prime factors of w.
17
List the prime factors of 3/9 + 116/3.
3, 13
Suppose -5*x = -11 + 1. Suppose 7 = 3*z - 2*i - x, -5*z = i - 15. Suppose z*q - 30 = q. What are the prime factors of q?
3, 5
Suppose 5*d - 20 + 5 = 0. Suppose q = -d*q. Suppose q = 3*g - 3*u - 9, 4*u + 2 + 16 = 5*g. List the prime factors of g.
2, 3
Let j = 3 + 0. Suppose j*o = o + 28. What are the prime factors of o?
2, 7
Let x(o) = -1 + 4*o + 6*o**3 + 0*o - 4*o**3 - 6*o. Let q(g) = g**3 + 5*g**2 + g + 7. Let t be q(-5). What are the prime factors of x(t)?
11
Let t(g) = -14*g**3 - 2*g**2 - g. List the prime factors of t(-1).
13
Let p be (-95 - 11)*5/(-2). Suppose -3*r + p = 94. List the prime factors of r.
3, 19
List the prime factors of 2/9 + (-712)/(-36).
2, 5
Suppose 3*q - 4*k = 91, -q + 5 = -0*q + 5*k. Let o = q - -7. List the prime factors of o.
2
Let s(h) be the first derivative of -h**3/3 - 5*h**2 + 4*h - 1. What are the prime factors of s(-9)?
13
Let l(v) = 6*v - 3. Let k(t) = -t**3 + 4*t**2 - 5. Let r be k(4). Let c be l(r). List the prime factors of (-1)/(-2) + c/(-6).
2, 3
Let y(t) = -6*t - 17. List the prime factors of y(-12).
5, 11
Let q(z) = z**2 - 8*z + 5. Let s = 8 - 0. Let g be q(s). Suppose -2*i + g*i - 27 = 0. List the prime factors of i.
3
Let h(a) = 13*a**2 - 5. Let t(o) = -7*o**2 + 2. Let m(x) = -6*h(x) - 11*t(x). List the prime factors of m(0).
2
Let o(c) = c**3 + 8*c**2 + 11*c - 7. Let b be o(-6). List the prime factors of (b + 3)*(-17)/(-2).
17
Let v = -16 + 22. Let r(c) = c**2 - 9. List the prime factors of r(v).
3
Suppose f + f = 70. Suppose k = 5*k - 12. Suppose k*g + 2*g = f. What are the prime factors of g?
7
Let t(c) = c**3 - c + 4. Let b be t(0). Suppose b*y - 24 = 2*y. What are the prime factors of y?
2, 3
Suppo